/2*2*5. Suppose -4*s + 5*x = -29, 70 = z*s + 3*x + 2*x. Is s composite?
False
Let j(a) = 112*a**2 + 1. Suppose 0 = 4*t - 2*l - 0*l + 10, 5*l = -3*t - 27. Let g = -5 - t. Is j(g) prime?
True
Let p = 1397 + -646. Is p composite?
False
Suppose -4*h + 740 = -2064. Is h a composite number?
False
Suppose 0 = 3*h + 6 - 18. Suppose 6*r - h*r - 70 = 0. Is r composite?
True
Let q(h) = 1048*h**2 + 2*h - 1. Is q(1) a composite number?
False
Suppose 4*x = 2*j - 2146, x = -2*j + 3*j - 1069. Is (12/(-15))/((-6)/j) composite?
True
Let x = -137 - -328. Is x composite?
False
Let s(i) = 53*i**3 + i**2 - i + 1. Let b be s(1). Suppose -3*o = d - b, 0 = -0*o + o - 5*d - 18. Suppose u - 4*c = 27, u + u = -c + o. Is u a prime number?
True
Let u = 1137 - 475. Is u a composite number?
True
Suppose -3*h + 4*n - 3 - 11 = 0, 0 = 4*h - 3*n + 7. Suppose 0 = h*i + 4 - 12. Suppose -8*x = -i*x - 140. Is x composite?
True
Suppose 4*w = -2*r - 2, -6*r - 3*w = -2*r - 1. Is 292 - (r - (3 - 1)) composite?
False
Let r(t) = -6*t**2 + 6*t + 1. Let x(i) = -5*i**2 + 6*i + 1. Let q(m) = 4*r(m) - 5*x(m). Is q(-6) a composite number?
False
Suppose -2*q = -5*q. Is (-6)/(-2) + (4 - q) prime?
True
Let k = -6 - -8. Suppose 5*n + 300 = k*n. Is n/8*(0 - 2) a composite number?
True
Let o = -189 + 316. Is o composite?
False
Let s = 890 + -471. Is s a prime number?
True
Let h(g) be the second derivative of -g**4/12 + 55*g**2/2 + 3*g. Is h(0) a composite number?
True
Is ((-158)/(-4))/((-12)/(-24)) composite?
False
Let m = -476 + 1193. Is m a composite number?
True
Suppose 4*h - 175 = 45. Is h prime?
False
Let g be (1*-2 - 2)*-1. Suppose 5 = a - c, g*a + 4*c + 1 + 3 = 0. Suppose -11 = -3*n + a*n. Is n a prime number?
True
Let v(q) = 10*q - 2. Let a(u) = -11*u + 1. Let f(x) = -3*a(x) - 4*v(x). Suppose 3*g = -4*l - 21, g + 3*g + 26 = -5*l. Is f(l) prime?
True
Suppose 8*k - 9*k - 5*d = -399, -3*d = -12. Is k a prime number?
True
Let w(l) be the first derivative of 34*l**3/3 - l**2/2 - 9. Let s be 2/5 + 3/5. Is w(s) a composite number?
True
Suppose 25 = -5*f, -5*d + 566 + 424 = -4*f. Is d prime?
False
Let b = 6 + -2. Let t(h) = 65*h - 1. Is t(b) composite?
True
Suppose 4*g - 1581 - 1552 = -3*b, 4177 = 4*b + 5*g. Is b a composite number?
True
Let v be 248/(-6)*(2 + -5). Let d = v - 178. Let n = -17 - d. Is n a prime number?
True
Let y = 15 + -13. Suppose c = -y*x + 199, -4*x = x + 4*c - 505. Is x prime?
True
Let z be 7 - -1*(1 - 2). Is (-153)/(z/2)*-1 a composite number?
True
Let z(v) = -10*v**3 + 2*v**2 - 1. Let f(b) = b + 3. Let s be f(-6). Is z(s) a prime number?
False
Let i(d) be the third derivative of 0 + 0*d + 1/10*d**5 - 1/2*d**3 - 5/24*d**4 + d**2 + 1/120*d**6. Is i(-5) prime?
True
Let t(v) = 15*v - 19. Is t(10) composite?
False
Let y = -6 + 10. Suppose y*s = -71 - 29. Let x = s - -38. Is x composite?
False
Suppose 3*q - 2*y - 1451 = 0, 3*q + 3*y + 472 = 4*q. Is q a composite number?
False
Suppose -3*f + 4945 = -2*r, -2*r - f + 0*f - 4965 = 0. Is -3*(r/(-12))/(-4) a prime number?
False
Let j = -81 - -359. Let t = j + 39. Is t composite?
False
Suppose 2*y - y = -3*c, -4*y = -c. Let o(n) = -n**2 + n - 1. Let r be o(c). Is ((-2)/r - -224)/2 a prime number?
True
Let z = 13 + 33. Let g = z + 21. Is g a composite number?
False
Let r be (-5)/1*3/(-5). Suppose -r*h + 28 = -h. Is h prime?
False
Let j = 18 - -68. Is j prime?
False
Let z(c) = -1. Let r(l) = 83*l + 9. Let p(u) = -r(u) + 4*z(u). Is p(-6) composite?
True
Suppose 5*i - 3*f - 5981 = 0, i - 3*i + f + 2392 = 0. Is i a composite number?
True
Suppose 4*q - 3*q = 2. Suppose 0 = -3*w + q*j + j - 477, -j = 1. Is w/(-7) - (-1)/7 prime?
True
Let z = 242 + -63. Is z prime?
True
Let f(b) = b**2 + 8*b + 9. Let d be f(-6). Let i be (-6)/(-18) - (-1)/d. Is i/(3 - 4) + 89 composite?
False
Let h = 4 + -1. Let p(u) = 43*u - 2. Is p(h) a composite number?
False
Suppose -7*c + 472 = c. Is c prime?
True
Let c = 4 - 2. Suppose 6 = c*w + w. Is w a composite number?
False
Suppose -3*m + 710 - 173 = 0. Is m prime?
True
Let j = 116 + -69. Let n = j - 34. Is n a composite number?
False
Let r = 1235 - 694. Is r composite?
False
Let a(i) = i**3 - 7*i**2 + 2*i - 7. Let z be a(7). Suppose -2*v + z = -5. Is v composite?
True
Let f = 1997 - 102. Is f a composite number?
True
Suppose 0 = 4*p - 819 - 985. Is p prime?
False
Suppose 9 = 3*m, 3*m = 4*s - m - 632. Is s a prime number?
False
Is ((-106)/(-3))/(14/21) prime?
True
Suppose 4*f - 26 = i - 2*i, -5*f + 5*i + 20 = 0. Suppose 5*b - 2*b - f = 0. Suppose -86 = -b*c - 4*j, 0 = -5*c + 4*c - 5*j + 37. Is c a composite number?
False
Let m = -4 - -7. Suppose 2*b + m*i = b + 31, 3*b - 5*i = 121. Is b a composite number?
False
Suppose 1248 = 4*b - 76. Is b composite?
False
Let d(m) = -m**3 - 5*m**2 - 4*m + 9. Suppose -9 = 2*c + 7. Is d(c) a prime number?
True
Suppose -20972 = -5*m + g, -3*m - 3*g = -m - 8399. Is m a prime number?
False
Let u = 258 - 163. Suppose u - 938 = -5*s - 2*i, -5*s - i + 839 = 0. Is s a composite number?
False
Suppose 4*d = -3*a + 18, 5*d + 4*a - 7 = 15. Suppose 4*w = 3*s + d*w - 18, 4*w = s + 8. Let f(v) = v**2 - 3. Is f(s) composite?
False
Let w = -492 - -1735. Is w composite?
True
Suppose 2*w - 2*b = -b + 13, -3*w + 3*b = -24. Suppose 4*v + w*p + 11 = 3*v, 0 = -2*v - 3*p + 13. Is v a prime number?
False
Suppose 4*x = 2*p + 1872, -3*x = -8*x + 4*p + 2343. Is x a prime number?
True
Suppose -3*z = -5*g + 5, 2*g + z - 33 = -4*z. Suppose c = -2*c - g*a + 217, -c - 4*a + 59 = 0. Is c composite?
False
Let a(f) = f**3 - 4*f**2 + 4*f - 1. Let m be a(4). Suppose m = 5*i - 10. Suppose 0 = i*z + 25, g + 4*z - 53 = 68. Is g composite?
True
Let l = 0 - -3. Suppose 0 = -n, h + l*n - 2 - 3 = 0. Let a = h - -2. Is a a prime number?
True
Suppose -5*v - 3*v = -3128. Is v a composite number?
True
Let c(h) = 8*h - 7. Let i be c(-5). Let l be 963/12 - 2/8. Let a = i + l. Is a prime?
False
Suppose 0 = -8*u + 3*u + 16885. Is u prime?
False
Let f = -16 - -15. Is ((-9)/(-27))/(f/(-393)) prime?
True
Let v(y) = 16*y + 4. Let c(l) = -5 - 17*l + 1 - 1. Let m(d) = -5*c(d) - 6*v(d). Is m(-2) a composite number?
False
Let m(f) be the third derivative of 1/6*f**3 + 5/24*f**4 + 1/10*f**5 - 1/120*f**6 + f**2 + 0 + 0*f. Is m(4) composite?
False
Is (-15)/6*(-488)/10 a composite number?
True
Let q = 3701 + -2052. Is q a composite number?
True
Let f be (-2)/(-4)*(-1 + 49). Let y be (-26)/(-8) - (-18)/f. Suppose c + 147 = y*c. Is c prime?
False
Let b = 183 + 284. Is b composite?
False
Suppose 4*s + c = 24, -3*s + 5*s - 5*c = -10. Suppose -5*d = 3*g - 5*g - 395, -4*d = s*g - 283. Is d prime?
False
Suppose q = 9 - 7. Suppose -4*g = -y + 77, -q*g + 247 + 204 = 5*y. Is y a prime number?
True
Let f be ((-604)/10 + 2)*-5. Suppose -l + f = l. Is l prime?
False
Suppose -5*u = -16 - 4. Suppose 99 = u*m - 25. Is m a prime number?
True
Let s(f) = -f**2 + 5*f + 2. Let b be s(5). Suppose 4*y - 216 - 300 = -b*j, j = -3*y + 385. Is y a composite number?
False
Suppose -1 = q - 0*q. Is q + (733 + 3)/4 a composite number?
True
Is ((-12)/10)/(8/(-580)) prime?
False
Suppose -4*b - 677 = 2*i + 3*i, -680 = 5*i + 5*b. Is 3002/14 - (-57)/i prime?
False
Let j(c) = c**2 - 2. Let s be j(-2). Is ((-1)/s)/(1/(-46)) a composite number?
False
Let r be -4 - -2 - 3/1. Let t(v) = -v**3 - 4*v**2 - 4*v + 1. Is t(r) prime?
False
Let i(k) = -k**3 - 9*k**2 - 7*k + 5. Let p be i(-8). Let r(l) = -79*l - 2. Is r(p) prime?
False
Let q(m) = 9*m**2 - 5*m + 13. Is q(6) composite?
False
Suppose 4*g + 18 = 2*g. Let a be (g + 1)*12/(-2). Let i = 31 + a. Is i composite?
False
Suppose 88 = 6*g - 122. Is g composite?
True
Suppose -2*a + 5*d + 763 = 0, 0 = a + 2*a - 3*d - 1140. Is a a prime number?
True
Suppose 10 = -2*g - 0*g - 2*f, 4*g + 2*f = -10. Suppose 2*h - 1025 - 25 = -2*t, -3*t + h + 1559 = g. Is t composite?
False
Let y be 4/(-6) + 2/(-6). Let z(m) = 75*m**3 - m**2 - m. Let b be z(y). Let g = 110 + b. Is g a prime number?
False
Suppose 25 = 4*t - 51. Is t prime?
True
Suppose -g + 4 = -5*g. Let w = g + -13. Let l = 39 + w. Is l a prime number?
False
Let p = -19 + 34. Let u be (-9)/3*p/(-9). Suppose -j = -5*j + 3*n + 146, -u*n + 25 = j. Is j prime?
False
Is (-3192)/(-27) - (11/9 + -1) composite?
True
Let f(p) = 11*p**2 + p**2 + 1 + p**3 - 3*p**2 + 0 + 3*p. Is f(-6) a composite number?
Tr